r of 11317517?
False
Is 467740 a multiple of 257?
True
Is 6295169 a multiple of 5?
False
Is 780975 a multiple of 585?
True
Is 36344 a multiple of 56?
True
Is 315 a factor of 4619934?
False
Is 2334545 a multiple of 41?
False
Is 3 a factor of 1287035?
False
Is 24 a factor of 2699532?
False
Is 66 a factor of 170940?
True
Does 3 divide 22867?
False
Is 1728321 a multiple of 90?
False
Does 894 divide 10214844?
True
Is 65518 a multiple of 67?
False
Is 3591710 a multiple of 429?
False
Does 417 divide 61299?
True
Is 110906 a multiple of 23?
True
Does 37 divide 172346?
True
Is 102311 a multiple of 71?
True
Is 1929362 a multiple of 5?
False
Is 188 a factor of 116560?
True
Does 1114 divide 6012258?
True
Is 476 a factor of 1754460?
False
Is 13854287 a multiple of 15?
False
Is 66007 even?
False
Is 2773428 a multiple of 7?
True
Is 1933112 a multiple of 8?
True
Does 42 divide 278631?
False
Is 117128 a multiple of 3?
False
Does 28 divide 145176?
False
Is 505856 a multiple of 64?
True
Does 33 divide 2503217?
False
Does 48 divide 1517328?
True
Is 157536 a multiple of 288?
True
Is 180266 even?
True
Is 3112460 a multiple of 11?
False
Does 41 divide 458901?
False
Is 74 a factor of 471788?
False
Is 3 a factor of 1274345?
False
Is 1809756 a multiple of 12?
True
Is 2686539 a multiple of 13?
False
Does 478 divide 9675676?
True
Is 12 a factor of 9383760?
True
Is 8410596 a multiple of 40?
False
Is 7 a factor of 1385398?
True
Does 423 divide 1465695?
True
Is 452 a factor of 333512?
False
Is 35328 a multiple of 128?
True
Does 297 divide 120834?
False
Does 24 divide 10896?
True
Does 464 divide 131881?
False
Does 41 divide 8015582?
True
Is 985432 a multiple of 328?
False
Does 669 divide 259572?
True
Is 63 a factor of 185360?
False
Is 52 a factor of 183463?
False
Is 134738 a multiple of 20?
False
Does 16 divide 53344?
True
Is 29 a factor of 14778052?
True
Does 90 divide 232380?
True
Is 150 a factor of 4150800?
True
Is 40 a factor of 372737?
False
Is 610950 a multiple of 150?
True
Does 22 divide 1269334?
True
Does 33 divide 253149?
False
Is 291042 a multiple of 17?
False
Is 131451 a multiple of 383?
False
Does 9 divide 13437?
True
Is 13714 a multiple of 12?
False
Is 109 a factor of 800278?
True
Is 1100925 a multiple of 45?
True
Is 23 a factor of 207750?
False
Is 8548 even?
True
Is 111145 a multiple of 69?
False
Is 4844055 a multiple of 705?
True
Is 212 a factor of 7599384?
False
Does 16 divide 227760?
True
Is 237942 a multiple of 173?
False
Is 98 a factor of 921786?
False
Is 12 a factor of 3481500?
True
Is 4439211 a multiple of 194?
False
Is 2640 a multiple of 16?
True
Is 19 a factor of 430179?
True
Is 103 a factor of 777341?
True
Is 101 a factor of 16059?
True
Is 51 a factor of 19997575?
False
Does 165 divide 118626?
False
Does 187 divide 12476640?
True
Does 100 divide 1167980?
False
Is 3343552 a multiple of 1015?
False
Is 233976 a multiple of 8?
True
Is 7 a factor of 63546?
True
Does 91 divide 4983342?
True
Is 17190635 a multiple of 55?
True
Does 184 divide 397072?
True
Does 490 divide 30045820?
True
Is 17 a factor of 162238?
False
Is 61520 a multiple of 8?
True
Does 28 divide 5326?
False
Does 249 divide 240803?
False
Does 515 divide 535600?
True
Is 601673 a multiple of 6?
False
Does 7 divide 3993741?
False
Is 87 a factor of 366096?
True
Is 194 a factor of 436694?
True
Does 49 divide 9382?
False
Is 49 a factor of 18767?
True
Is 891405 a multiple of 45?
True
Is 11 a factor of 4602297?
False
Is 1176921 a multiple of 17?
False
Is 431458 a multiple of 31?
True
Does 8 divide 701224?
True
Is 1913814 a multiple of 21?
True
Does 242 divide 162382?
True
Is 75 a factor of 475436?
False
Is 139 a factor of 2550233?
True
Is 1633 a factor of 2865614?
False
Does 194 divide 187016?
True
Is 107568 a multiple of 18?
True
Is 29581020 a multiple of 14?
True
Does 111 divide 88013?
False
Does 133 divide 751583?
True
Does 58 divide 2122226?
False
Is 103684 a multiple of 14?
True
Does 11 divide 363748?
True
Does 10 divide 17080870?
True
Is 7 a factor of 50659?
True
Does 102 divide 336382?
False
Is 16095456 a multiple of 2030?
False
Is 6 a factor of 182785?
False
Is 18 a factor of 85518?
True
Is 2461508 a multiple of 7?
True
Does 3 divide 437472?
True
Is 17497964 a multiple of 248?
False
Is 101312 a multiple of 1603?
False
Is 503420 a multiple of 5?
True
Does 7 divide 263732?
True
Is 6 a factor of 17370?
True
Is 458322 a multiple of 257?
False
Does 30 divide 187020?
True
Is 2548755 a multiple of 271?
True
Is 71971 a multiple of 5?
False
Does 15 divide 66621?
False
Does 19 divide 8618079?
False
Does 6 divide 29376?
True
Does 29 divide 51161?
False
Is 325458 a multiple of 6?
True
Does 68 divide 157284?
True
Does 13 divide 1214159?
False
Is 26 a factor of 2387892?
True
Is 351108 a multiple of 18?
True
Is 18 a factor of 1006667?
False
Does 19 divide 110278?
False
Is 15875520 a multiple of 24?
True
Is 11 a factor of 242682?
True
Is 559936 a multiple of 2?
True
Is 104141 a multiple of 25?
False
Is 66 a factor of 1452792?
True
Is 38 a factor of 86868?
True
Does 681 divide 10860588?
True
Does 175 divide 19425?
True
Is 1633456 a multiple of 176?
True
Is 4 a factor of 3723746?
False
Is 59 a factor of 3293?
False
Does 31 divide 72793?
False
Is 57816 a multiple of 22?
True
Is 260 a factor of 237120?
True
Is 373369 a multiple of 400?
False
Is 196756 a multiple of 637?
False
Does 23 divide 461300?
False
Is 618550 a multiple of 178?
True
Is 9571770 a multiple of 289?
False
Is 2204706 a multiple of 49?
True
Is 14 a factor of 13501522?
False
Does 97 divide 3241143?
False
Does 11 divide 1114308?
False
Is 6778556 a multiple of 127?
False
Is 28 a factor of 31439?
False
Does 4 divide 7989?
False
Is 11728478 a multiple of 1804?
False
Is 13762383 a multiple of 28?
False
Does 232 divide 137344?
True
Is 14023 a multiple of 6?
False
Does 14 divide 106206?
False
Is 455 a multiple of 16?
False
Is 1454588 a multiple of 17?
True
Does 45 divide 4814499?
False
Is 20 a factor of 137300?
True
Is 230 a factor of 200171?
False
Does 19 divide 1272012?
True
Does 173 divide 577128?
True
Is 8 a factor of 7335992?
True
Does 25 divide 103650?
True
Is 50 a factor of 454670?
False
Is 1395927 a multiple of 117?
True
Is 40664 a multiple of 52?
True
Does 136 divide 7072?
True
Does 290 divide 17690?
True
Does 25 divide 132224?
False
Is 676525 a multiple of 81?
False
Does 980 divide 1691480?
True
Is 97 a factor of 870898?
False
Is 722 a factor of 645039?
False
Is 1444756 a multiple of 251?
True
Is 1316025 a multiple of 75?
True
Is 9 a factor of 1644158?
False
Does 450 divide 13008230?
False
Does 5 divide 11809332?
False
Is 20724 a multiple of 6?
True
Is 81905 a multiple of 7?
False
Is 8 a factor of 709?
False
Is 13 a factor of 140918?
False
Is 1857639 a multiple of 450?
False
Is 16 a factor of 248123?
False
Is 274482 a multiple of 621?
True
Is 22 a factor of 28138?
True
Does 20 divide 8251860?
True
Is 403560 a multiple of 36?
True
Is 16194 a multiple of 3?
True
Is 8 a factor of 922560?
True
Is 272 a factor of 992913?
False
Does 15 divide 15270?
True
Does 141 divide 83754?
True
Is 6 a factor of 103879?
False
Does 96 divide 2331168?
True
Does 12 divide 41736?
True
Is 66 a factor of 1723986?
True
Is 1754695 a multiple of 2?
False
Is 113 a factor of 240464?
True
Is 1865952 a multiple of 114?
True
Is 234352 a multiple of 16?
True
Is 1429229 a multiple of 639?
False
Is 6 a factor of 5279733?
False
Does 63 divide 286020?
True
Is 4119189 a multiple of 48?
False
Is 1091 a factor of 5516308?
False
Is 1867292 a multiple of 14?
True
Is 1480106 a multiple of 14?
False
Does 9 divide 320725?
False
Is 2778464 a multiple of 16?
True
Does 14 divide 463246?
True
Does 98 divide 23618?
True
Is 1958 a multiple of 11?
True
Is 6258 a multiple of 4?
False
Does 191 divide 1393997?
False
Is 161389 a multiple of 168?
False
Is 73296 a multiple of 13?
False
Is 82 a factor of 3022192?
True
Does 48 divide 427872?
True
Is 5 a factor of 51262?
False
Is 4673797 a multiple of 9?
False
Is 105240 even?
True
Is 9196963 a multiple of 630?
False
Does 139 divide 741704?
True
Is 6 a factor of 13800?
True
Is 6535350 a multiple of 290?
False
Is 1649 a multiple of 2?
False
Is 60 a factor of 967800?
True
Is 92328 a multiple of 24?
True
Is 262 a factor of 10480?
True
Is 23 a factor of 1635